{"id":15665,"date":"2019-12-04T13:38:12","date_gmt":"2019-12-04T11:38:12","guid":{"rendered":"https:\/\/www.aktien.net\/etf1\/?page_id=15665"},"modified":"2020-02-14T15:14:42","modified_gmt":"2020-02-14T13:14:42","slug":"newsletter","status":"publish","type":"page","link":"https:\/\/www.aktien.net\/etf1\/newsletter\/","title":{"rendered":"Newsletter"},"content":{"rendered":"\t\t<div data-elementor-type=\"wp-page\" data-elementor-id=\"15665\" class=\"elementor elementor-15665\">\n\t\t\t\t\t\t<section class=\"elementor-section elementor-top-section elementor-element elementor-element-cd5cf3f elementor-section-height-min-height elementor-section-content-middle elementor-section-boxed elementor-section-height-default elementor-section-items-middle\" data-id=\"cd5cf3f\" data-element_type=\"section\" data-settings=\"{&quot;background_background&quot;:&quot;classic&quot;}\">\n\t\t\t\t\t\t<div class=\"elementor-container elementor-column-gap-default\">\n\t\t\t\t\t<div class=\"elementor-column elementor-col-100 elementor-top-column elementor-element elementor-element-f569ed4\" data-id=\"f569ed4\" data-element_type=\"column\">\n\t\t\t<div class=\"elementor-widget-wrap elementor-element-populated\">\n\t\t\t\t\t\t<div class=\"elementor-element elementor-element-2502049 elementor-widget elementor-widget-html\" data-id=\"2502049\" data-element_type=\"widget\" data-widget_type=\"html.default\">\n\t\t\t\t<div class=\"elementor-widget-container\">\n\t\t\t<a class=\"site-title\" href=\"\/\"><svg xmlns=\"http:\/\/www.w3.org\/2000\/svg\" id=\"main-logo\" height=\"26\" viewBox=\"0 0 36.077 7.596\" title=\"ETF1.de\" fill=\"#fff\"><path d=\"M0 7.524v-.982l.8-.16V1.148L0 .987V0h5.927v2.103H4.66l-.057-.827h-2.15v1.72h2.47v1.276h-2.47v1.974h2.263l.057-.858H6.02v2.134zm8.558 0v-.982l.796-.16v-5.1H8.087l-.067.858H6.77V0h6.847v2.14h-1.26l-.067-.858h-1.27v5.1l.796.16v.982zm5.457 0v-.982l.8-.16V1.148l-.8-.16V0h6.093v2.14H18.84l-.047-.858H16.47V3.2h2.594v1.27H16.47v1.922l.8.16v.982zm8.27 0v-.982l1.307-.16V1.458l-1.318-.01v-.93L25.25 0v6.382l1.302.16v.982zm5.03 0V6.83h.68v.696zm2.914.073q-.455 0-.782-.224-.324-.227-.496-.63-.172-.403-.172-.94V5.73q0-.6.172-1.05.172-.45.5-.7.327-.25.785-.25.33 0 .582.124.255.12.434.35v-1.52l-.562-.097V2.15h1.24v4.844l.562.096v.434h-1.15l-.055-.444q-.183.255-.448.386-.262.13-.6.13zm.172-.55q.303 0 .5-.138.207-.138.34-.4V4.8q-.13-.234-.34-.372-.2-.138-.503-.138-.324 0-.534.186-.2.183-.314.5-.103.324-.103.754v.072q0 .562.23.903.23.34.713.34zm4.252.55q-.517 0-.9-.234-.382-.238-.593-.658-.207-.42-.207-.972V5.58q0-.53.217-.947.22-.42.582-.66.365-.245.796-.245.503 0 .84.207.34.207.513.582.172.372.172.878v.424h-2.418l-.01.017q.007.358.124.637.12.276.345.434.224.158.537.158.345 0 .603-.097.262-.1.45-.272l.265.44q-.2.193-.53.327-.327.13-.8.13zM33.68 5.3h1.72v-.1q0-.27-.096-.48-.093-.214-.282-.334-.186-.124-.47-.124-.227 0-.413.134-.186.13-.307.358-.12.227-.158.517z\"><\/path><\/svg><\/a><\/div>\t\t<\/div>\n\t\t\t\t<\/div>\n\t\t\t\t\t<\/div>\n\t\t<\/div>\n\t\t\t\t\t<\/div>\n\t\t<\/section>\n\t\t\t\t<section class=\"elementor-section elementor-top-section elementor-element elementor-element-951d15c elementor-section-content-middle elementor-reverse-mobile elementor-section-boxed elementor-section-height-default elementor-section-height-default\" data-id=\"951d15c\" data-element_type=\"section\">\n\t\t\t\t\t\t<div class=\"elementor-container elementor-column-gap-extended\">\n\t\t\t\t\t<div class=\"elementor-column elementor-col-50 elementor-top-column elementor-element elementor-element-a01e3e3\" data-id=\"a01e3e3\" data-element_type=\"column\">\n\t\t\t<div class=\"elementor-widget-wrap elementor-element-populated\">\n\t\t\t\t\t\t<div class=\"elementor-element elementor-element-2f577ad elementor-widget elementor-widget-heading\" data-id=\"2f577ad\" data-element_type=\"widget\" data-widget_type=\"heading.default\">\n\t\t\t\t<div class=\"elementor-widget-container\">\n\t\t\t<h1 class=\"elementor-heading-title elementor-size-default\">ETF Praxistipps in deinem Posteingang<\/h1>\t\t<\/div>\n\t\t\t\t<\/div>\n\t\t\t\t<div class=\"elementor-element elementor-element-2a14c6a elementor-widget elementor-widget-text-editor\" data-id=\"2a14c6a\" data-element_type=\"widget\" data-widget_type=\"text-editor.default\">\n\t\t\t\t<div class=\"elementor-widget-container\">\n\t\t\t\t\t\t\t<p>Ich schicke dir max. einmal im Monat eine kurze E-Mail mit aktuellen ETF Tipps, Ideen, Gedanken, Portfolios, &#8230;<\/p>\t\t\t\t\t\t<\/div>\n\t\t\t\t<\/div>\n\t\t\t\t<div class=\"elementor-element elementor-element-b1c2a6a elementor-button-align-stretch elementor-widget elementor-widget-form\" data-id=\"b1c2a6a\" data-element_type=\"widget\" data-settings=\"{&quot;button_width&quot;:&quot;100&quot;,&quot;step_next_label&quot;:&quot;N\\u00e4chster&quot;,&quot;step_previous_label&quot;:&quot;Voriger&quot;,&quot;step_type&quot;:&quot;number_text&quot;,&quot;step_icon_shape&quot;:&quot;circle&quot;}\" data-widget_type=\"form.default\">\n\t\t\t\t<div class=\"elementor-widget-container\">\n\t\t\t\t\t<form class=\"elementor-form\" method=\"post\" name=\"Neues Formular\">\n\t\t\t<input type=\"hidden\" name=\"post_id\" value=\"15665\"\/>\n\t\t\t<input type=\"hidden\" name=\"form_id\" value=\"b1c2a6a\"\/>\n\t\t\t<input type=\"hidden\" name=\"referer_title\" value=\"\" \/>\n\n\t\t\t\n\t\t\t<div class=\"elementor-form-fields-wrapper elementor-labels-above\">\n\t\t\t\t\t\t\t\t<div class=\"elementor-field-type-email elementor-field-group elementor-column elementor-field-group-email elementor-col-100 elementor-field-required\">\n\t\t\t\t\t\t\t\t\t\t\t\t\t<input size=\"1\" type=\"email\" name=\"form_fields[email]\" id=\"form-field-email\" class=\"elementor-field elementor-size-md  elementor-field-textual\" placeholder=\"E-Mail Adresse\" required=\"required\" aria-required=\"true\">\n\t\t\t\t\t\t\t\t\t\t\t<\/div>\n\t\t\t\t\t\t\t\t<div class=\"elementor-field-group elementor-column elementor-field-type-submit elementor-col-100 e-form__buttons\">\n\t\t\t\t\t<button type=\"submit\" class=\"elementor-button elementor-size-md\">\n\t\t\t\t\t\t<span >\n\t\t\t\t\t\t\t\t\t\t\t\t\t\t\t<span class=\" elementor-button-icon\">\n\t\t\t\t\t\t\t\t\t\t\t\t\t\t\t\t\t\t\t\t\t\t\t\t\t\t<\/span>\n\t\t\t\t\t\t\t\t\t\t\t\t\t\t\t\t\t\t\t\t\t\t<span class=\"elementor-button-text\">Anmelden<\/span>\n\t\t\t\t\t\t\t\t\t\t\t\t\t<\/span>\n\t\t\t\t\t<\/button>\n\t\t\t\t<\/div>\n\t\t\t<\/div>\n\t\t<\/form>\n\t\t\t\t<\/div>\n\t\t\t\t<\/div>\n\t\t\t\t<div class=\"elementor-element elementor-element-a84cb4d elementor-widget elementor-widget-text-editor\" data-id=\"a84cb4d\" data-element_type=\"widget\" data-widget_type=\"text-editor.default\">\n\t\t\t\t<div class=\"elementor-widget-container\">\n\t\t\t\t\t\t\t<p>Abmeldung jederzeit mit einem Klick m\u00f6glich.<\/p>\t\t\t\t\t\t<\/div>\n\t\t\t\t<\/div>\n\t\t\t\t\t<\/div>\n\t\t<\/div>\n\t\t\t\t<div class=\"elementor-column elementor-col-50 elementor-top-column elementor-element elementor-element-7628a7d\" data-id=\"7628a7d\" data-element_type=\"column\">\n\t\t\t<div class=\"elementor-widget-wrap elementor-element-populated\">\n\t\t\t\t\t\t<div class=\"elementor-element elementor-element-1726abd elementor-widget elementor-widget-image\" data-id=\"1726abd\" data-element_type=\"widget\" data-widget_type=\"image.default\">\n\t\t\t\t<div class=\"elementor-widget-container\">\n\t\t\t\t\t\t\t\t\t\t\t\t\t<img fetchpriority=\"high\" decoding=\"async\" width=\"768\" height=\"543\" src=\"https:\/\/www.aktien.net\/etf1\/wp-content\/uploads\/1-us-bank-note-47344-768x543.jpg\" class=\"attachment-medium_large size-medium_large wp-image-16094\" alt=\"\" srcset=\"https:\/\/www.aktien.net\/etf1\/wp-content\/uploads\/1-us-bank-note-47344-768x543.jpg 768w, https:\/\/www.aktien.net\/etf1\/wp-content\/uploads\/1-us-bank-note-47344-300x212.jpg 300w, https:\/\/www.aktien.net\/etf1\/wp-content\/uploads\/1-us-bank-note-47344-1024x724.jpg 1024w, https:\/\/www.aktien.net\/etf1\/wp-content\/uploads\/1-us-bank-note-47344-1536x1086.jpg 1536w, https:\/\/www.aktien.net\/etf1\/wp-content\/uploads\/1-us-bank-note-47344-2048x1448.jpg 2048w, https:\/\/www.aktien.net\/etf1\/wp-content\/uploads\/1-us-bank-note-47344-scaled.jpg 1200w\" sizes=\"(max-width: 768px) 100vw, 768px\" title=\"\">\t\t\t\t\t\t\t\t\t\t\t\t\t<\/div>\n\t\t\t\t<\/div>\n\t\t\t\t\t<\/div>\n\t\t<\/div>\n\t\t\t\t\t<\/div>\n\t\t<\/section>\n\t\t\t\t<section class=\"elementor-section elementor-top-section elementor-element elementor-element-becb30e elementor-section-boxed elementor-section-height-default elementor-section-height-default\" data-id=\"becb30e\" data-element_type=\"section\" data-settings=\"{&quot;background_background&quot;:&quot;classic&quot;}\">\n\t\t\t\t\t\t<div class=\"elementor-container elementor-column-gap-default\">\n\t\t\t\t\t<div class=\"elementor-column elementor-col-100 elementor-top-column elementor-element elementor-element-dbc0d33\" data-id=\"dbc0d33\" data-element_type=\"column\">\n\t\t\t<div class=\"elementor-widget-wrap elementor-element-populated\">\n\t\t\t\t\t\t<div class=\"elementor-element elementor-element-8c840c9 elementor-widget elementor-widget-text-editor\" data-id=\"8c840c9\" data-element_type=\"widget\" data-widget_type=\"text-editor.default\">\n\t\t\t\t<div class=\"elementor-widget-container\">\n\t\t\t\t\t\t\t<h2>\u00dcber den Autor:<\/h2>\n<p>Seit \u00fcber 10 Jahren investiere ich mein Geld in ETFs. Ich habe in Frankfurt als ETF-Fondsmanager gearbeitet und danach als Chief Investment Officer bei justETF.<\/p>\n<p><span style=\"font-family: var(--sans-serif);\">Heute jedoch sind ETFs nicht mehr mein Hauptberuf, sondern mein Hobby &#8211; deswegen auch diese Webseite.<\/span><\/p>\n<p>Melde dich im Newsletter an und ich schicke dir meine Tipps und Beobachtungen.<\/p>\n<h2>Anmelde-Bonus:<\/h2>\n<p>Als Dank f\u00fcr die Anmeldung erh\u00e4ltst du eine <strong>\u00dcbersicht \u00fcber mein pers\u00f6nliches ETF Portfolio<\/strong> (es befinden sich auch mehrere Einzelaktien darin). Au\u00dferdem schicke ich dir <strong>meine drei Lieblings-ETFs f\u00fcr Langfristanleger<\/strong>.<\/p>\t\t\t\t\t\t<\/div>\n\t\t\t\t<\/div>\n\t\t\t\t<div class=\"elementor-element elementor-element-89b2b35 elementor-widget elementor-widget-html\" data-id=\"89b2b35\" data-element_type=\"widget\" data-widget_type=\"html.default\">\n\t\t\t\t<div class=\"elementor-widget-container\">\n\t\t\tJulian Stark\n\n<link href=\"https:\/\/fonts.googleapis.com\/css?family=Just+Another+Hand&display=swap\" rel=\"stylesheet\">\n\t\t<\/div>\n\t\t\t\t<\/div>\n\t\t\t\t\t<\/div>\n\t\t<\/div>\n\t\t\t\t\t<\/div>\n\t\t<\/section>\n\t\t\t\t<section class=\"elementor-section elementor-top-section elementor-element elementor-element-e0abcf6 elementor-section-boxed elementor-section-height-default elementor-section-height-default\" data-id=\"e0abcf6\" data-element_type=\"section\">\n\t\t\t\t\t\t<div class=\"elementor-container elementor-column-gap-default\">\n\t\t\t\t\t<div class=\"elementor-column elementor-col-100 elementor-top-column elementor-element elementor-element-8a57c18\" data-id=\"8a57c18\" data-element_type=\"column\">\n\t\t\t<div class=\"elementor-widget-wrap elementor-element-populated\">\n\t\t\t\t\t\t<div class=\"elementor-element elementor-element-3440a4b elementor-nav-menu__align-center elementor-nav-menu--dropdown-none elementor-widget elementor-widget-nav-menu\" data-id=\"3440a4b\" data-element_type=\"widget\" data-settings=\"{&quot;layout&quot;:&quot;horizontal&quot;,&quot;submenu_icon&quot;:{&quot;value&quot;:&quot;&lt;i class=\\&quot;fas fa-caret-down\\&quot;&gt;&lt;\\\/i&gt;&quot;,&quot;library&quot;:&quot;fa-solid&quot;}}\" data-widget_type=\"nav-menu.default\">\n\t\t\t\t<div class=\"elementor-widget-container\">\n\t\t\t\t\t\t<nav migration_allowed=\"1\" migrated=\"0\" role=\"navigation\" class=\"elementor-nav-menu--main elementor-nav-menu__container elementor-nav-menu--layout-horizontal e--pointer-none\">\n\t\t\t\t<ul id=\"menu-1-3440a4b\" class=\"elementor-nav-menu\"><li class=\"menu-item menu-item-type-post_type menu-item-object-page menu-item-16100\"><a href=\"https:\/\/www.aktien.net\/etf1\/about\/datenschutz\/\" class=\"elementor-item\">Datenschutz<\/a><\/li>\n<li class=\"menu-item menu-item-type-post_type menu-item-object-page menu-item-16101\"><a href=\"https:\/\/www.aktien.net\/etf1\/about\/impressum\/\" class=\"elementor-item\">Impressum<\/a><\/li>\n<li class=\"menu-item menu-item-type-post_type menu-item-object-page menu-item-16102\"><a href=\"https:\/\/www.aktien.net\/etf1\/kontakt\/\" class=\"elementor-item\">Kontakt<\/a><\/li>\n<\/ul>\t\t\t<\/nav>\n\t\t\t\t\t<div class=\"elementor-menu-toggle\" role=\"button\" tabindex=\"0\" aria-label=\"Menu Toggle\" aria-expanded=\"false\">\n\t\t\t<i aria-hidden=\"true\" role=\"presentation\" class=\"eicon-menu-bar\"><\/i>\t\t\t<span class=\"elementor-screen-only\">Men\u00fc<\/span>\n\t\t<\/div>\n\t\t\t<nav class=\"elementor-nav-menu--dropdown elementor-nav-menu__container\" role=\"navigation\" aria-hidden=\"true\">\n\t\t\t\t<ul id=\"menu-2-3440a4b\" class=\"elementor-nav-menu\"><li class=\"menu-item menu-item-type-post_type menu-item-object-page menu-item-16100\"><a href=\"https:\/\/www.aktien.net\/etf1\/about\/datenschutz\/\" class=\"elementor-item\" tabindex=\"-1\">Datenschutz<\/a><\/li>\n<li class=\"menu-item menu-item-type-post_type menu-item-object-page menu-item-16101\"><a href=\"https:\/\/www.aktien.net\/etf1\/about\/impressum\/\" class=\"elementor-item\" tabindex=\"-1\">Impressum<\/a><\/li>\n<li class=\"menu-item menu-item-type-post_type menu-item-object-page menu-item-16102\"><a href=\"https:\/\/www.aktien.net\/etf1\/kontakt\/\" class=\"elementor-item\" tabindex=\"-1\">Kontakt<\/a><\/li>\n<\/ul>\t\t\t<\/nav>\n\t\t\t\t<\/div>\n\t\t\t\t<\/div>\n\t\t\t\t\t<\/div>\n\t\t<\/div>\n\t\t\t\t\t<\/div>\n\t\t<\/section>\n\t\t\t\t<\/div>\n\t\t","protected":false},"excerpt":{"rendered":"<p>ETF Praxistipps in deinem Posteingang Ich schicke dir max. einmal im Monat eine kurze E-Mail mit aktuellen ETF Tipps, Ideen, Gedanken, Portfolios, &#8230; Abmeldung jederzeit mit einem Klick m\u00f6glich. \u00dcber den Autor: Seit \u00fcber 10 Jahren investiere ich mein Geld in ETFs. Ich habe in Frankfurt als ETF-Fondsmanager gearbeitet und danach als Chief Investment Officer [&hellip;]<\/p>\n","protected":false},"author":17,"featured_media":0,"parent":0,"menu_order":0,"comment_status":"closed","ping_status":"closed","template":"elementor_canvas","meta":{"inline_featured_image":false},"_links":{"self":[{"href":"https:\/\/www.aktien.net\/etf1\/wp-json\/wp\/v2\/pages\/15665"}],"collection":[{"href":"https:\/\/www.aktien.net\/etf1\/wp-json\/wp\/v2\/pages"}],"about":[{"href":"https:\/\/www.aktien.net\/etf1\/wp-json\/wp\/v2\/types\/page"}],"author":[{"embeddable":true,"href":"https:\/\/www.aktien.net\/etf1\/wp-json\/wp\/v2\/users\/17"}],"replies":[{"embeddable":true,"href":"https:\/\/www.aktien.net\/etf1\/wp-json\/wp\/v2\/comments?post=15665"}],"version-history":[{"count":0,"href":"https:\/\/www.aktien.net\/etf1\/wp-json\/wp\/v2\/pages\/15665\/revisions"}],"wp:attachment":[{"href":"https:\/\/www.aktien.net\/etf1\/wp-json\/wp\/v2\/media?parent=15665"}],"curies":[{"name":"wp","href":"https:\/\/api.w.org\/{rel}","templated":true}]}}