{"id":19336,"date":"2020-01-23T19:16:44","date_gmt":"2020-01-23T17:16:44","guid":{"rendered":"https:\/\/www.aktien.net\/etf1\/?page_id=19336"},"modified":"2020-01-23T19:59:25","modified_gmt":"2020-01-23T17:59:25","slug":"sparplan-alarm","status":"publish","type":"page","link":"https:\/\/www.aktien.net\/etf1\/sparplan-alarm\/","title":{"rendered":"Sparplan Alarm"},"content":{"rendered":"\t\t<div data-elementor-type=\"wp-page\" data-elementor-id=\"19336\" class=\"elementor elementor-19336\">\n\t\t\t\t\t\t<section class=\"elementor-section elementor-top-section elementor-element elementor-element-8af1cb1 elementor-section-boxed elementor-section-height-default elementor-section-height-default\" data-id=\"8af1cb1\" data-element_type=\"section\">\n\t\t\t\t\t\t<div class=\"elementor-container elementor-column-gap-default\">\n\t\t\t\t\t<div class=\"elementor-column elementor-col-100 elementor-top-column elementor-element elementor-element-d16b6c8\" data-id=\"d16b6c8\" data-element_type=\"column\">\n\t\t\t<div class=\"elementor-widget-wrap elementor-element-populated\">\n\t\t\t\t\t\t<div class=\"elementor-element elementor-element-2bc6d0e elementor-widget elementor-widget-heading\" data-id=\"2bc6d0e\" data-element_type=\"widget\" data-widget_type=\"heading.default\">\n\t\t\t\t<div class=\"elementor-widget-container\">\n\t\t\t<h1 class=\"elementor-heading-title elementor-size-default\">Sparplan Alarm<\/h1>\t\t<\/div>\n\t\t\t\t<\/div>\n\t\t\t\t<div class=\"elementor-element elementor-element-bdf08cf elementor-widget elementor-widget-heading\" data-id=\"bdf08cf\" data-element_type=\"widget\" data-widget_type=\"heading.default\">\n\t\t\t\t<div class=\"elementor-widget-container\">\n\t\t\t<p class=\"elementor-heading-title elementor-size-default\">Du bekommst eine E-Mail, wenn sich bei deinem Sparplan etwas \u00e4ndert.<\/p>\t\t<\/div>\n\t\t\t\t<\/div>\n\t\t\t\t<div class=\"elementor-element elementor-element-28b3c26 elementor-widget elementor-widget-html\" data-id=\"28b3c26\" data-element_type=\"widget\" data-widget_type=\"html.default\">\n\t\t\t\t<div class=\"elementor-widget-container\">\n\t\t\t<!-- Begin Mailchimp Signup Form -->\n<link href=\"\/\/cdn-images.mailchimp.com\/embedcode\/classic-10_7.css\" rel=\"stylesheet\" type=\"text\/css\">\n<style type=\"text\/css\">\n\t#mc_embed_signup{background:#fff; padding:20px; clear:left; font:18px Helvetica,Arial,sans-serif; }\n\t\/* Add your own Mailchimp form style overrides in your site stylesheet or in this style block.\n\t   We recommend moving this block and the preceding CSS link to the HEAD of your HTML file. *\/\n<\/style>\n<div id=\"mc_embed_signup\">\n<form action=\"https:\/\/etf1.us3.list-manage.com\/subscribe\/post?u=48c11acb9527824bf4adbf4de&amp;id=7cf3642344\" method=\"post\" id=\"mc-embedded-subscribe-form\" name=\"mc-embedded-subscribe-form\" class=\"validate\" target=\"_blank\" novalidate>\n    <div id=\"mc_embed_signup_scroll\">\n\t\n<div class=\"mc-field-group\">\n\t<label for=\"mce-EMAIL\">E-Mail Adresse <\/label>\n\t<input type=\"email\" value=\"\" name=\"EMAIL\" class=\"required email\" id=\"mce-EMAIL\">\n<\/div>\n<div style=\"margin-top:20px;\" class=\"mc-field-group input-group\">\n    <strong>Sparpl\u00e4ne ausw\u00e4hlen<\/strong>\n    <ul><li><input type=\"checkbox\" value=\"1\" name=\"group[26978][1]\" id=\"mce-group[26978]-26978-0\"><label for=\"mce-group[26978]-26978-0\">ING<\/label><\/li>\n<li><input type=\"checkbox\" value=\"2\" name=\"group[26978][2]\" id=\"mce-group[26978]-26978-1\"><label for=\"mce-group[26978]-26978-1\">comdirect<\/label><\/li>\n<li><input type=\"checkbox\" value=\"4\" name=\"group[26978][4]\" id=\"mce-group[26978]-26978-2\"><label for=\"mce-group[26978]-26978-2\">Trade Republic<\/label><\/li>\n<li><input type=\"checkbox\" value=\"8\" name=\"group[26978][8]\" id=\"mce-group[26978]-26978-3\"><label for=\"mce-group[26978]-26978-3\">Smartbroker<\/label><\/li>\n<li><input type=\"checkbox\" value=\"64\" name=\"group[26978][64]\" id=\"mce-group[26978]-26978-4\"><label for=\"mce-group[26978]-26978-4\">Targobank<\/label><\/li>\n<li><input type=\"checkbox\" value=\"128\" name=\"group[26978][128]\" id=\"mce-group[26978]-26978-5\"><label for=\"mce-group[26978]-26978-5\">onvista bank<\/label><\/li>\n<li><input type=\"checkbox\" value=\"256\" name=\"group[26978][256]\" id=\"mce-group[26978]-26978-6\"><label for=\"mce-group[26978]-26978-6\">Postbank<\/label><\/li>\n<li><input type=\"checkbox\" value=\"512\" name=\"group[26978][512]\" id=\"mce-group[26978]-26978-7\"><label for=\"mce-group[26978]-26978-7\">1822direkt<\/label><\/li>\n<li><input type=\"checkbox\" value=\"1024\" name=\"group[26978][1024]\" id=\"mce-group[26978]-26978-8\"><label for=\"mce-group[26978]-26978-8\">S Broker<\/label><\/li>\n<li><input type=\"checkbox\" value=\"2048\" name=\"group[26978][2048]\" id=\"mce-group[26978]-26978-9\"><label for=\"mce-group[26978]-26978-9\">flatex<\/label><\/li>\n<li><input type=\"checkbox\" value=\"4096\" name=\"group[26978][4096]\" id=\"mce-group[26978]-26978-10\"><label for=\"mce-group[26978]-26978-10\">DKB<\/label><\/li>\n<li><input type=\"checkbox\" value=\"8192\" name=\"group[26978][8192]\" id=\"mce-group[26978]-26978-11\"><label for=\"mce-group[26978]-26978-11\">maxblue<\/label><\/li>\n<li><input type=\"checkbox\" value=\"16384\" name=\"group[26978][16384]\" id=\"mce-group[26978]-26978-12\"><label for=\"mce-group[26978]-26978-12\">Consorsbank<\/label><\/li>\n<\/ul>\n<\/div>\n<div style=\"\" class=\"mc-field-group input-group\">\n    <strong>M\u00f6chtest du neben dem Sparplan Alarm auch unseren Newsletter abonnieren? <\/strong>\n    <ul><li style=\"display:none;\"><input type=\"checkbox\" value=\"16\" name=\"group[26982][16]\" id=\"mce-group[26982]-26982-0\" checked><label for=\"mce-group[26982]-26982-0\">Neue Funktionen<\/label><\/li>\n<li><input type=\"checkbox\" value=\"32\" name=\"group[26982][32]\" id=\"mce-group[26982]-26982-1\"><label for=\"mce-group[26982]-26982-1\">Julians ETF Tipps erhalten<\/label><\/li>\n<\/ul>\n<\/div>\n\t<div id=\"mce-responses\" class=\"clear\">\n\t\t<div class=\"response\" id=\"mce-error-response\" style=\"display:none\"><\/div>\n\t\t<div class=\"response\" id=\"mce-success-response\" style=\"display:none\"><\/div>\n\t<\/div>    <!-- real people should not fill this in and expect good things - do not remove this or risk form bot signups-->\n    <div style=\"position: absolute; left: -5000px;\" aria-hidden=\"true\"><input type=\"text\" name=\"b_48c11acb9527824bf4adbf4de_7cf3642344\" tabindex=\"-1\" value=\"\"><\/div>\n    <div class=\"clear\"><input type=\"submit\" value=\"Sparplan Alarm aktivieren\" name=\"subscribe\" id=\"mc-embedded-subscribe\" class=\"button\"><\/div>\n    <\/div>\n<\/form>\n<\/div>\n\n<!--End mc_embed_signup-->\t\t<\/div>\n\t\t\t\t<\/div>\n\t\t\t\t\t<\/div>\n\t\t<\/div>\n\t\t\t\t\t<\/div>\n\t\t<\/section>\n\t\t\t\t<\/div>\n\t\t","protected":false},"excerpt":{"rendered":"<p>Du bekommst eine E-Mail, wenn sich bei deinem Sparplan etwas \u00e4ndert. E-Mail Adresse Sparpl\u00e4ne ausw\u00e4hlen ING comdirect Trade Republic Smartbroker Targobank onvista bank Postbank 1822direkt S Broker flatex DKB maxblue Consorsbank M\u00f6chtest du neben dem Sparplan Alarm auch unseren Newsletter abonnieren? Neue Funktionen Julians ETF Tipps erhalten<\/p>\n","protected":false},"author":17,"featured_media":0,"parent":0,"menu_order":0,"comment_status":"closed","ping_status":"closed","template":"elementor_header_footer","meta":{"inline_featured_image":false},"_links":{"self":[{"href":"https:\/\/www.aktien.net\/etf1\/wp-json\/wp\/v2\/pages\/19336"}],"collection":[{"href":"https:\/\/www.aktien.net\/etf1\/wp-json\/wp\/v2\/pages"}],"about":[{"href":"https:\/\/www.aktien.net\/etf1\/wp-json\/wp\/v2\/types\/page"}],"author":[{"embeddable":true,"href":"https:\/\/www.aktien.net\/etf1\/wp-json\/wp\/v2\/users\/17"}],"replies":[{"embeddable":true,"href":"https:\/\/www.aktien.net\/etf1\/wp-json\/wp\/v2\/comments?post=19336"}],"version-history":[{"count":0,"href":"https:\/\/www.aktien.net\/etf1\/wp-json\/wp\/v2\/pages\/19336\/revisions"}],"wp:attachment":[{"href":"https:\/\/www.aktien.net\/etf1\/wp-json\/wp\/v2\/media?parent=19336"}],"curies":[{"name":"wp","href":"https:\/\/api.w.org\/{rel}","templated":true}]}}